nd 4169.
11
What is the greatest common factor of 7608 and 264?
24
What is the highest common divisor of 132 and 25916?
44
Calculate the greatest common divisor of 1812 and 40921.
151
What is the highest common factor of 68 and 4898108?
68
What is the greatest common factor of 3 and 2519?
1
Calculate the highest common divisor of 148 and 118141.
37
Calculate the greatest common factor of 98964 and 1116.
36
What is the highest common factor of 22 and 445918?
22
Calculate the greatest common factor of 1856 and 3886.
58
Calculate the highest common divisor of 7704 and 13375.
107
Calculate the greatest common factor of 261 and 89436.
87
Calculate the greatest common divisor of 9715 and 464.
29
What is the highest common factor of 30 and 163600?
10
Calculate the greatest common divisor of 154549 and 74.
37
What is the highest common divisor of 286 and 5018?
26
What is the highest common factor of 66 and 49456?
22
What is the greatest common factor of 17 and 27421?
17
What is the greatest common divisor of 44325 and 450?
225
What is the greatest common factor of 611 and 43898?
47
What is the highest common factor of 98366 and 6462?
718
What is the greatest common divisor of 21903 and 147?
147
Calculate the highest common factor of 1884224 and 5489.
499
Calculate the greatest common divisor of 3087 and 5187.
21
What is the highest common divisor of 5416 and 32?
8
What is the highest common factor of 239 and 306637?
239
What is the greatest common factor of 472018 and 122?
122
Calculate the greatest common divisor of 244068 and 18.
6
What is the highest common factor of 740 and 1887?
37
Calculate the highest common divisor of 24939 and 18.
9
What is the greatest common factor of 361920 and 320?
320
What is the highest common divisor of 241812 and 2376?
108
What is the greatest common factor of 337027 and 53?
53
What is the highest common factor of 95114 and 76?
38
What is the highest common factor of 41 and 4779985?
41
What is the greatest common divisor of 773889 and 152?
19
Calculate the greatest common factor of 3497 and 222463.
269
What is the highest common divisor of 125 and 1235?
5
Calculate the greatest common divisor of 135 and 322191.
27
Calculate the highest common divisor of 442 and 1431196.
442
What is the highest common divisor of 968 and 6248?
88
Calculate the highest common divisor of 241293 and 1495.
299
Calculate the highest common divisor of 141349 and 1048.
131
Calculate the greatest common factor of 1850 and 275.
25
What is the greatest common divisor of 304699 and 31?
31
Calculate the highest common divisor of 120 and 317970.
30
What is the highest common factor of 243 and 15?
3
Calculate the greatest common factor of 15022 and 14504.
518
Calculate the greatest common factor of 378 and 31794.
42
What is the highest common divisor of 930 and 42970?
10
Calculate the highest common factor of 7520 and 40800.
160
What is the highest common divisor of 11193 and 219765?
273
What is the greatest common factor of 3280 and 10250?
410
What is the highest common divisor of 7 and 172963?
7
What is the highest common factor of 12 and 296880?
12
What is the greatest common factor of 3725 and 125309?
149
What is the greatest common factor of 48240 and 90?
90
Calculate the greatest common factor of 238 and 1099.
7
What is the highest common factor of 7368 and 3498?
6
What is the greatest common divisor of 394651 and 59?
59
Calculate the highest common divisor of 171870 and 340.
170
What is the greatest common divisor of 390232 and 32?
8
Calculate the highest common factor of 56 and 90923.
7
Calculate the highest common divisor of 320 and 526336.
64
Calculate the greatest common divisor of 4320 and 3160.
40
What is the greatest common factor of 380 and 359860?
380
What is the greatest common factor of 212176 and 9434?
178
Calculate the highest common factor of 82 and 117506.
82
What is the highest common divisor of 1673301 and 735?
147
Calculate the highest common factor of 1125 and 8975.
25
What is the highest common factor of 21 and 1092?
21
What is the greatest common divisor of 35060 and 730?
10
What is the highest common divisor of 12762 and 4?
2
What is the highest common divisor of 144 and 70032?
48
Calculate the greatest common divisor of 835011 and 18.
9
What is the greatest common factor of 312539 and 111?
37
Calculate the greatest common factor of 1843000 and 228.
76
Calculate the greatest common divisor of 9990 and 222777.
999
What is the greatest common factor of 39 and 381?
3
Calculate the greatest common factor of 59285 and 355.
355
What is the highest common divisor of 793 and 23119?
61
What is the highest common factor of 418 and 2002?
22
What is the greatest common factor of 71544 and 4?
4
Calculate the highest common factor of 1072430 and 40.
10
Calculate the highest common factor of 420 and 3633.
21
What is the greatest common factor of 794765 and 115?
115
Calculate the highest common factor of 18885 and 20.
5
Calculate the highest common factor of 1871683 and 34.
17
What is the highest common factor of 1099832 and 16?
8
Calculate the highest common factor of 54325 and 451.
41
Calculate the highest common divisor of 14101 and 177.
59
Calculate the greatest common factor of 70 and 11165.
35
Calculate the highest common divisor of 284 and 11218.
142
What is the greatest common divisor of 4734 and 801?
9
Calculate the greatest common factor of 784 and 301.
7
Calculate the highest common divisor of 1584 and 1200.
48
Calculate the greatest common factor of 4503 and 3528851.
1501
Calculate the highest common factor of 70 and 4113214.
14
What is the greatest common factor of 18460 and 15340?
260
What is the highest common factor of 6 and 256156?
2
What is the greatest common divisor of 20 and 3085?
5
Calculate the highest common factor of 12000 and 768.
96
Calculate the greatest common divisor of 5740 and 4375.
35
Calculate the greatest common divisor of 50 and 167225.
25
Calculate the greatest common factor of 35094 and 1086.
6
What is the greatest common factor of 54176 and 32?
32
Calculate the highest common divisor of 59460 and 660.
60
Calculate the highest common divisor of 18925 and 475.
25
Calculate the highest common factor of 2231778 and 57.
57
What is the greatest common factor of 337440 and 420?
60
What is the greatest common factor of 364 and 659036?
28
What is the highest common factor of 63206 and 2704?
338
Calculate the greatest common divisor of 132 and 19308.
12
What is the greatest common divisor of 8580 and 46540?
260
What is the highest common factor of 328017 and 1431?
159
What is the greatest common divisor of 1503 and 16964361?
1503
What is the highest common divisor of 68309 and 166?
83
Calculate the highest common factor of 9 and 155637.
9
What is the highest common divisor of 4 and 531930?
2
What is the highest common divisor of 473759 and 143?
143
What is the greatest common factor of 8483 and 5?
1
Calculate the greatest common divisor of 41762 and 3122.
14
What is the highest common divisor of 9737 and 87526?
107
Calculate the greatest common divisor of 2173 and 26553.
53
What is the greatest common factor of 4298 and 11494?
14
Calculate the highest common factor of 156 and 40332.
12
What is the greatest common factor of 1410 and 3948?
282
What is the greatest common factor of 410292 and 72?
36
Calculate the highest common factor of 17 and 14909.
17
What is the greatest common divisor of 22140 and 780?
60
Calculate the greatest common divisor of 85 and 26146.
17
What is the greatest common divisor of 40 and 11135?
5
What is the greatest common divisor of 1243 and 2123?
11
What is the highest common factor of 56 and 177170?
14
What is the greatest common divisor of 17 and 25636?
17
What is the greatest common factor of 4330 and 367184?
866
Calculate the greatest common divisor of 1680 and 20552.
56
What is the highest common factor of 9033 and 6?
3
What is the greatest common factor of 8942 and 442?
34
What is the greatest common factor of 61 and 5368427?
61
What is the greatest common divisor of 73172 and 1012?
44
What is the greatest common divisor of 2296 and 21976?
328
Calculate the greatest common divisor of 3072 and 57696.
96
What is the highest common divisor of 44895 and 7008?
219
Calculate the 